 1298197964?
9
What is the tens digit of 156009915?
1
What is the hundreds digit of 82690700?
7
What is the hundred thousands digit of 3623253511?
2
What is the hundred millions digit of 491637630?
4
What is the thousands digit of 533764420?
4
What is the ten thousands digit of 6680099?
8
What is the hundred thousands digit of 1121874920?
8
What is the millions digit of 86960080?
6
What is the units digit of 302318005?
5
What is the hundred millions digit of 213472084?
2
What is the hundred thousands digit of 53645301?
6
What is the hundreds digit of 100499709?
7
What is the ten thousands digit of 267877464?
7
What is the thousands digit of 267158921?
8
What is the hundred thousands digit of 40421350?
4
What is the ten millions digit of 143729314?
4
What is the hundreds digit of 376641408?
4
What is the tens digit of 1107960092?
9
What is the units digit of 7694842?
2
What is the hundred thousands digit of 9848861?
8
What is the thousands digit of 208448500?
8
What is the tens digit of 86138390?
9
What is the billions digit of 2002727481?
2
What is the ten thousands digit of 12108835?
0
What is the tens digit of 7717838613?
1
What is the units digit of 27748077?
7
What is the ten millions digit of 49615466?
4
What is the millions digit of 3825352115?
5
What is the hundreds digit of 34174382?
3
What is the hundreds digit of 157274367?
3
What is the thousands digit of 95563579?
3
What is the tens digit of 4448270?
7
What is the hundred thousands digit of 19235719?
2
What is the thousands digit of 1148922708?
2
What is the millions digit of 85315468?
5
What is the tens digit of 485808367?
6
What is the tens digit of 1707876850?
5
What is the units digit of 20606351?
1
What is the hundred thousands digit of 3164129433?
1
What is the hundreds digit of 11673384?
3
What is the units digit of 42543796?
6
What is the units digit of 307356849?
9
What is the units digit of 110112564?
4
What is the units digit of 3240306893?
3
What is the ten thousands digit of 1123404554?
0
What is the ten thousands digit of 178568527?
6
What is the tens digit of 377059727?
2
What is the ten thousands digit of 1012105852?
0
What is the tens digit of 55815721?
2
What is the hundred thousands digit of 1327609678?
6
What is the tens digit of 95561829?
2
What is the millions digit of 647684732?
7
What is the units digit of 38120781?
1
What is the ten millions digit of 55036672?
5
What is the hundred thousands digit of 1138752051?
7
What is the ten millions digit of 13450146?
1
What is the ten thousands digit of 39583253?
8
What is the millions digit of 639784577?
9
What is the hundred thousands digit of 1680862?
6
What is the millions digit of 71408462?
1
What is the ten millions digit of 923633782?
2
What is the thousands digit of 551651832?
1
What is the thousands digit of 1234373892?
3
What is the hundreds digit of 139767403?
4
What is the units digit of 73726223?
3
What is the units digit of 39513625?
5
What is the ten millions digit of 511927033?
1
What is the ten thousands digit of 47179112?
7
What is the tens digit of 7278513380?
8
What is the tens digit of 74933823?
2
What is the tens digit of 226673858?
5
What is the ten millions digit of 1008063650?
0
What is the ten millions digit of 62642553?
6
What is the units digit of 69531254?
4
What is the ten millions digit of 313401686?
1
What is the hundred millions digit of 2269315429?
2
What is the tens digit of 364325645?
4
What is the millions digit of 1630654549?
0
What is the ten millions digit of 4984949475?
8
What is the tens digit of 226457732?
3
What is the thousands digit of 49258126?
8
What is the units digit of 94046191?
1
What is the millions digit of 3004106359?
4
What is the units digit of 559991564?
4
What is the millions digit of 154394145?
4
What is the tens digit of 1648462147?
4
What is the units digit of 5178300132?
2
What is the hundred thousands digit of 3259732800?
7
What is the ten thousands digit of 194415200?
1
What is the thousands digit of 342535?
2
What is the hundred millions digit of 607643190?
6
What is the units digit of 14522782?
2
What is the millions digit of 254644568?
4
What is the ten millions digit of 2322434344?
2
What is the hundred thousands digit of 1835400238?
4
What is the hundred thousands digit of 302346608?
3
What is the hundred thousands digit of 365916795?
9
What is the ten millions digit of 3039561579?
3
What is the hundred thousands digit of 577240406?
2
What is the hundreds digit of 2119006312?
3
What is the millions digit of 2416688173?
6
What is the ten millions digit of 57429864?
5
What is the units digit of 1474393527?
7
What is the hundred thousands digit of 321039655?
0
What is the hundred millions digit of 467885749?
4
What is the ten thousands digit of 476184509?
8
What is the hundreds digit of 216893354?
3
What is the tens digit of 116526246?
4
What is the ten millions digit of 809484411?
0
What is the ten millions digit of 249254875?
4
What is the units digit of 73626179?
9
What is the hundred thousands digit of 559637565?
6
What is the hundreds digit of 80013424?
4
What is the ten millions digit of 236590949?
3
What is the units digit of 139026292?
2
What is the hundred thousands digit of 8439937?
4
What is the ten thousands digit of 959378434?
7
What is the tens digit of 379703020?
2
What is the ten thousands digit of 2554234117?
3
What is the hundred thousands digit of 1968972346?
9
What is the hundred thousands digit of 136690947?
6
What is the hundreds digit of 104161687?
6
What is the hundreds digit of 2039794190?
1
What is the units digit of 28295069?
9
What is the hundred millions digit of 110534853?
1
What is the units digit of 101911048?
8
What is the tens digit of 152437020?
2
What is the tens digit of 65807056?
5
What is the ten thousands digit of 46199960?
9
What is the ten thousands digit of 11090727?
9
What is the hundreds digit of 129163540?
5
What is the thousands digit of 5342283?
2
What is the millions digit of 1656490797?
6
What is the ten millions digit of 684207855?
8
What is the millions digit of 5898626122?
8
What is the ten thousands digit of 207643427?
4
What is the hundred thousands digit of 9358722?
3
What is the units digit of 48076263?
3
What is the tens digit of 34336665?
6
What is the hundred millions digit of 245064952?
2
What is the ten millions digit of 85112242?
8
What is the ten thousands digit of 33520805?
2
What is the units digit of 3082354892?
2
What is the millions digit of 2288475245?
8
What is the millions digit of 88176898?
8
What is the hundreds digit of 149171559?
5
What is the thousands digit of 17508851?
8
What is the hundred millions digit of 359835129?
3
What is the ten millions digit of 38540213?
3
What is the hundred millions digit of 129492403?
1
What is the hundred thousands digit of 1443060610?
0
What is the ten thousands digit of 115898894?
9
What is the hundreds digit of 5851053999?
9
What is the ten millions digit of 25149118?
2
What is the thousands digit of 39452636?
2
What is the millions digit of 3357485040?
7
What is the hundred thousands digit of 1779115248?
1
What is the hundred thousands digit of 11733287?
7
What is the tens digit of 2319046849?
4
What is the units digit of 128923818?
8
What is the hundred thousands digit of 2913290?
9
What is the thousands digit of 319077313?
7
What is the millions digit of 153096443?
3
What is the hundred thousands digit of 38052001?
0
What is the hundreds digit of 1429118862?
8
What is the hundred millions digit of 723281276?
7
What is the thousands digit of 35536010?
6
What is the millions digit of 2233513205?
3
What is the tens digit of 1096356620?
2
What is the units digit of 5523035?
5
What is the thousands digit of 866650907?
0
What is the hundred thousands digit of 106469588?
4
What is the millions digit of 45647314?
5
What is the hundred thousands digit of 230924761?
9
What is the units digit of 2789802510?
0
What is the hundred thousands digit of 169258643?
2
What is the hundred thousands digit of 2325492263?
4
What is the hundred millions digit of 793670106?
7
What is the ten thousands digit of 906583455?
8
What is the tens digit of 54657706?
0
What is the thousands digit of 319793301?
3
What is the millions digit of 278482397?
8
What is the